hen 809 is divided by 96?
41
Calculate the remainder when 113412 is divided by 1134.
12
What is the remainder when 6025 is divided by 175?
75
Calculate the remainder when 739061 is divided by 74.
23
What is the remainder when 6176 is divided by 57?
20
What is the remainder when 210290 is divided by 743?
21
Calculate the remainder when 702413 is divided by 30539.
16
Calculate the remainder when 8603 is divided by 171.
53
What is the remainder when 41165 is divided by 188?
181
What is the remainder when 20111 is divided by 1675?
11
Calculate the remainder when 1628 is divided by 148.
0
What is the remainder when 224351 is divided by 1739?
20
What is the remainder when 2117747 is divided by 31608?
11
Calculate the remainder when 35290 is divided by 1138.
12
Calculate the remainder when 997 is divided by 37.
35
Calculate the remainder when 3202 is divided by 46.
28
Calculate the remainder when 18150 is divided by 201.
60
What is the remainder when 70355 is divided by 5844?
227
Calculate the remainder when 1160 is divided by 195.
185
Calculate the remainder when 727011 is divided by 82.
81
Calculate the remainder when 2779 is divided by 66.
7
What is the remainder when 4303 is divided by 28?
19
Calculate the remainder when 215162 is divided by 9354.
20
Calculate the remainder when 33170 is divided by 2071.
34
What is the remainder when 11953 is divided by 14?
11
What is the remainder when 41583 is divided by 452?
451
Calculate the remainder when 29311 is divided by 533.
529
Calculate the remainder when 15578 is divided by 18.
8
What is the remainder when 2209 is divided by 82?
77
Calculate the remainder when 2659 is divided by 2653.
6
What is the remainder when 95621 is divided by 5?
1
What is the remainder when 89032 is divided by 12?
4
Calculate the remainder when 6528 is divided by 652.
8
Calculate the remainder when 12577 is divided by 487.
402
What is the remainder when 30365 is divided by 35?
20
Calculate the remainder when 7365 is divided by 12.
9
Calculate the remainder when 3215 is divided by 29.
25
Calculate the remainder when 24578 is divided by 8188.
14
Calculate the remainder when 76698 is divided by 20.
18
Calculate the remainder when 602009 is divided by 4331.
0
What is the remainder when 4038 is divided by 301?
125
Calculate the remainder when 3204 is divided by 304.
164
What is the remainder when 131917 is divided by 97?
94
Calculate the remainder when 488849 is divided by 182.
179
What is the remainder when 18167 is divided by 48?
23
Calculate the remainder when 11909 is divided by 18.
11
Calculate the remainder when 1781038 is divided by 362.
360
What is the remainder when 113054 is divided by 56522?
10
What is the remainder when 176 is divided by 176?
0
Calculate the remainder when 7264 is divided by 26.
10
What is the remainder when 5939 is divided by 1147?
204
What is the remainder when 109973 is divided by 418?
39
Calculate the remainder when 26056 is divided by 3257.
0
What is the remainder when 1565162 is divided by 12?
2
What is the remainder when 1565051 is divided by 1565051?
0
Calculate the remainder when 20401 is divided by 305.
271
What is the remainder when 2466 is divided by 323?
205
What is the remainder when 150911 is divided by 409?
399
Calculate the remainder when 8166 is divided by 108.
66
What is the remainder when 672 is divided by 187?
111
Calculate the remainder when 279682 is divided by 6659.
4
What is the remainder when 528952 is divided by 429?
424
Calculate the remainder when 45431 is divided by 11318.
159
Calculate the remainder when 1088 is divided by 106.
28
Calculate the remainder when 30121 is divided by 83.
75
What is the remainder when 31413 is divided by 215?
23
Calculate the remainder when 16998 is divided by 561.
168
Calculate the remainder when 554 is divided by 155.
89
Calculate the remainder when 39852 is divided by 19920.
12
What is the remainder when 108004 is divided by 64?
36
Calculate the remainder when 15433 is divided by 1027.
28
Calculate the remainder when 1640800 is divided by 397.
396
What is the remainder when 226699 is divided by 226697?
2
Calculate the remainder when 3041882 is divided by 736.
730
What is the remainder when 4170 is divided by 1327?
189
Calculate the remainder when 56067 is divided by 70.
67
What is the remainder when 262839 is divided by 20?
19
What is the remainder when 756 is divided by 50?
6
What is the remainder when 32896 is divided by 35?
31
What is the remainder when 46868 is divided by 394?
376
Calculate the remainder when 1361265 is divided by 49.
45
Calculate the remainder when 334503 is divided by 4.
3
Calculate the remainder when 9319 is divided by 21.
16
Calculate the remainder when 21272 is divided by 28.
20
Calculate the remainder when 14277 is divided by 859.
533
Calculate the remainder when 2607 is divided by 22.
11
What is the remainder when 3788 is divided by 379?
377
Calculate the remainder when 425 is divided by 123.
56
Calculate the remainder when 15688 is divided by 786.
754
Calculate the remainder when 60726 is divided by 31.
28
Calculate the remainder when 855047 is divided by 98.
95
Calculate the remainder when 22127 is divided by 73.
8
What is the remainder when 812315 is divided by 199?
196
What is the remainder when 2337486 is divided by 63?
60
Calculate the remainder when 385393 is divided by 16058.
1
Calculate the remainder when 29135 is divided by 28.
15
What is the remainder when 11198 is divided by 487?
484
What is the remainder when 5493 is divided by 1656?
525
What is the remainder when 8820 is divided by 898?
738
What is the remainder when 5209 is divided by 5110?
99
Calculate the remainder when 124362 is divided by 147.
0
Calculate the remainder when 657 is divided by 654.
3
Calculate the remainder when 8446 is divided by 297.
130
What is the remainder when 44975 is divided by 11?
7
Calculate the remainder when 4842 is divided by 89.
36
What is the remainder when 565877 is divided by 1720?
1717
What is the remainder when 2426 is divided by 61?
47
Calculate the remainder when 3049 is divided by 3.
1
What is the remainder when 568841 is divided by 21?
14
What is the remainder when 70742 is divided by 74?
72
Calculate the remainder when 8392 is divided by 697.
28
Calculate the remainder when 1800 is divided by 279.
126
What is the remainder when 3981 is divided by 907?
353
Calculate the remainder when 445089 is divided by 947.
946
What is the remainder when 62099 is divided by 634?
601
Calculate the remainder when 7971 is divided by 234.
15
Calculate the remainder when 22242 is divided by 9.
3
Calculate the remainder when 2477 is divided by 121.
57
What is the remainder when 4433 is divided by 885?
8
Calculate the remainder when 29962 is divided by 65.
62
What is the remainder when 51057 is divided by 168?
153
What is the remainder when 1031424 is divided by 77?
9
What is the remainder when 11015 is divided by 5393?
229
Calculate the remainder when 186631 is divided by 267.
265
Calculate the remainder when 5384 is divided by 46.
2
What is the remainder when 4679 is divided by 25?
4
What is the remainder when 45356 is divided by 9?
5
What is the remainder when 364359 is divided by 141?
15
Calculate the remainder when 20871 is divided by 1099.
1089
Calculate the remainder when 1186 is divided by 35.
31
What is the remainder when 4812 is divided by 50?
12
What is the remainder when 3512 is divided by 95?
92
Calculate the remainder when 2752 is divided by 908.
28
Calculate the remainder when 61440 is divided by 602.
36
Calculate the remainder when 116422 is divided by 46.
42
What is the remainder when 4338 is divided by 676?
282
What is the remainder when 1056 is divided by 41?
31
What is the remainder when 212630 is divided by 118?
112
What is the remainder when 580489 is divided by 79?
76
What is the remainder when 1535519 is divided by 191938?
15
What is the remainder when 16283 is divided by 1806?
29
What is the remainder when 113572 is divided by 22713?
7
Calculate the remainder when 1264 is divided by 324.
292
Calculate the remainder when 5197 is divided by 100.
97
Calculate the remainder when 33532 is divided by 21.
16
Calculate the remainder when 10883 is divided by 35.
33
Calculate the remainder when 1131501 is divi